{"version":"1.0","provider_name":"Cl\u00ednica C\u00e0nons | Cirurgia i Medicina Estetica a Barcelona, \u200b\u200bGranollers","provider_url":"https:\/\/www.canons.es\/ca\/","title":"Veritats i mites sobre la cel\u00b7lulitis - Cl\u00ednica C\u00e0nons | Cirurgia i Medicina Estetica a Barcelona, \u200b\u200bGranollers","type":"rich","width":600,"height":338,"html":"<blockquote class=\"wp-embedded-content\" data-secret=\"cpB788uIUi\"><a href=\"https:\/\/www.canons.es\/ca\/veritats-mites-sobre-la-cel%c2%b7lulitis\/\">Veritats i mites sobre la cel\u00b7lulitis<\/a><\/blockquote><iframe sandbox=\"allow-scripts\" security=\"restricted\" src=\"https:\/\/www.canons.es\/ca\/veritats-mites-sobre-la-cel%c2%b7lulitis\/embed\/#?secret=cpB788uIUi\" width=\"600\" height=\"338\" title=\"&#8220;Veritats i mites sobre la cel\u00b7lulitis&#8221; &#8212; Cl\u00ednica C\u00e0nons | Cirurgia i Medicina Estetica a Barcelona, \u200b\u200bGranollers\" data-secret=\"cpB788uIUi\" frameborder=\"0\" marginwidth=\"0\" marginheight=\"0\" scrolling=\"no\" class=\"wp-embedded-content\"><\/iframe><script>\n\/*! This file is auto-generated *\/\n!function(d,l){\"use strict\";l.querySelector&&d.addEventListener&&\"undefined\"!=typeof URL&&(d.wp=d.wp||{},d.wp.receiveEmbedMessage||(d.wp.receiveEmbedMessage=function(e){var t=e.data;if((t||t.secret||t.message||t.value)&&!\/[^a-zA-Z0-9]\/.test(t.secret)){for(var s,r,n,a=l.querySelectorAll('iframe[data-secret=\"'+t.secret+'\"]'),o=l.querySelectorAll('blockquote[data-secret=\"'+t.secret+'\"]'),c=new RegExp(\"^https?:$\",\"i\"),i=0;i<o.length;i++)o[i].style.display=\"none\";for(i=0;i<a.length;i++)s=a[i],e.source===s.contentWindow&&(s.removeAttribute(\"style\"),\"height\"===t.message?(1e3<(r=parseInt(t.value,10))?r=1e3:~~r<200&&(r=200),s.height=r):\"link\"===t.message&&(r=new URL(s.getAttribute(\"src\")),n=new URL(t.value),c.test(n.protocol))&&n.host===r.host&&l.activeElement===s&&(d.top.location.href=t.value))}},d.addEventListener(\"message\",d.wp.receiveEmbedMessage,!1),l.addEventListener(\"DOMContentLoaded\",function(){for(var e,t,s=l.querySelectorAll(\"iframe.wp-embedded-content\"),r=0;r<s.length;r++)(t=(e=s[r]).getAttribute(\"data-secret\"))||(t=Math.random().toString(36).substring(2,12),e.src+=\"#?secret=\"+t,e.setAttribute(\"data-secret\",t)),e.contentWindow.postMessage({message:\"ready\",secret:t},\"*\")},!1)))}(window,document);\n\/\/# sourceURL=https:\/\/www.canons.es\/wp-includes\/js\/wp-embed.min.js\n<\/script>\n","description":"9 de cada 10 dones tenen cel\u00b7lulitis en algun moment de la seva vida despr\u00e9s de la pubertat. Aquesta acumulaci\u00f3 de teixit adip\u00f3s en determinades zones del cos \u00e9s una de les principals preocupacions per a les dones de tot el m\u00f3n, que no troben..."}

Clínica Cànons | Cirurgia i Medicina Estetica a Barcelona, ​​Granollers

Veritats i mites sobre la cel·lulitis - Clínica Cànons | Cirurgia i Medicina Estetica a Barcelona, ​​Granollers

<blockquote class="wp-embedded-content" data-secret="cpB788uIUi"><a href="https://www.canons.es/ca/veritats-mites-sobre-la-cel%c2%b7lulitis/">Veritats i mites sobre la cel·lulitis</a></blockquote><iframe sandbox="allow-scripts" security="restricted" src="https://www.canons.es/ca/veritats-mites-sobre-la-cel%c2%b7lulitis/embed/#?secret=cpB788uIUi" width="600" height="338" title="&#8220;Veritats i mites sobre la cel·lulitis&#8221; &#8212; Clínica Cànons | Cirurgia i Medicina Estetica a Barcelona, ​​Granollers" data-secret="cpB788uIUi" frameborder="0" marginwidth="0" marginheight="0" scrolling="no" class="wp-embedded-content"></iframe><script>
/*! This file is auto-generated */
!function(d,l){"use strict";l.querySelector&&d.addEventListener&&"undefined"!=typeof URL&&(d.wp=d.wp||{},d.wp.receiveEmbedMessage||(d.wp.receiveEmbedMessage=function(e){var t=e.data;if((t||t.secret||t.message||t.value)&&!/[^a-zA-Z0-9]/.test(t.secret)){for(var s,r,n,a=l.querySelectorAll('iframe[data-secret="'+t.secret+'"]'),o=l.querySelectorAll('blockquote[data-secret="'+t.secret+'"]'),c=new RegExp("^https?:$","i"),i=0;i<o.length;i++)o[i].style.display="none";for(i=0;i<a.length;i++)s=a[i],e.source===s.contentWindow&&(s.removeAttribute("style"),"height"===t.message?(1e3<(r=parseInt(t.value,10))?r=1e3:~~r<200&&(r=200),s.height=r):"link"===t.message&&(r=new URL(s.getAttribute("src")),n=new URL(t.value),c.test(n.protocol))&&n.host===r.host&&l.activeElement===s&&(d.top.location.href=t.value))}},d.addEventListener("message",d.wp.receiveEmbedMessage,!1),l.addEventListener("DOMContentLoaded",function(){for(var e,t,s=l.querySelectorAll("iframe.wp-embedded-content"),r=0;r<s.length;r++)(t=(e=s[r]).getAttribute("data-secret"))||(t=Math.random().toString(36).substring(2,12),e.src+="#?secret="+t,e.setAttribute("data-secret",t)),e.contentWindow.postMessage({message:"ready",secret:t},"*")},!1)))}(window,document);
//# sourceURL=https://www.canons.es/wp-includes/js/wp-embed.min.js
</script>

9 de cada 10 dones tenen cel·lulitis en algun moment de la seva vida després de la pubertat. Aquesta acumulació de teixit adipós en determinades zones del cos és una de les principals preocupacions per a les dones de tot el món, que no troben...
