{"version":"1.0","provider_name":"Cl\u00ednica C\u00e0nons | Cirurgia i Medicina Estetica a Barcelona, \u200b\u200bGranollers","provider_url":"https:\/\/www.canons.es\/ca\/","title":"LA ESPIRULINA COM ALIMENT I LES SEVES PROPIETATS - Cl\u00ednica C\u00e0nons | Cirurgia i Medicina Estetica a Barcelona, \u200b\u200bGranollers","type":"rich","width":600,"height":338,"html":"<blockquote class=\"wp-embedded-content\" data-secret=\"D6G1jT1WUU\"><a href=\"https:\/\/www.canons.es\/ca\/la-espirulina-como-alimento-funcional-y-sus-propiedades\/\">LA ESPIRULINA COM ALIMENT I LES SEVES PROPIETATS<\/a><\/blockquote><iframe sandbox=\"allow-scripts\" security=\"restricted\" src=\"https:\/\/www.canons.es\/ca\/la-espirulina-como-alimento-funcional-y-sus-propiedades\/embed\/#?secret=D6G1jT1WUU\" width=\"600\" height=\"338\" title=\"&#8220;LA ESPIRULINA COM ALIMENT I LES SEVES PROPIETATS&#8221; &#8212; Cl\u00ednica C\u00e0nons | Cirurgia i Medicina Estetica a Barcelona, \u200b\u200bGranollers\" data-secret=\"D6G1jT1WUU\" frameborder=\"0\" marginwidth=\"0\" marginheight=\"0\" scrolling=\"no\" class=\"wp-embedded-content\"><\/iframe><script>\n\/*! This file is auto-generated *\/\n!function(d,l){\"use strict\";l.querySelector&&d.addEventListener&&\"undefined\"!=typeof URL&&(d.wp=d.wp||{},d.wp.receiveEmbedMessage||(d.wp.receiveEmbedMessage=function(e){var t=e.data;if((t||t.secret||t.message||t.value)&&!\/[^a-zA-Z0-9]\/.test(t.secret)){for(var s,r,n,a=l.querySelectorAll('iframe[data-secret=\"'+t.secret+'\"]'),o=l.querySelectorAll('blockquote[data-secret=\"'+t.secret+'\"]'),c=new RegExp(\"^https?:$\",\"i\"),i=0;i<o.length;i++)o[i].style.display=\"none\";for(i=0;i<a.length;i++)s=a[i],e.source===s.contentWindow&&(s.removeAttribute(\"style\"),\"height\"===t.message?(1e3<(r=parseInt(t.value,10))?r=1e3:~~r<200&&(r=200),s.height=r):\"link\"===t.message&&(r=new URL(s.getAttribute(\"src\")),n=new URL(t.value),c.test(n.protocol))&&n.host===r.host&&l.activeElement===s&&(d.top.location.href=t.value))}},d.addEventListener(\"message\",d.wp.receiveEmbedMessage,!1),l.addEventListener(\"DOMContentLoaded\",function(){for(var e,t,s=l.querySelectorAll(\"iframe.wp-embedded-content\"),r=0;r<s.length;r++)(t=(e=s[r]).getAttribute(\"data-secret\"))||(t=Math.random().toString(36).substring(2,12),e.src+=\"#?secret=\"+t,e.setAttribute(\"data-secret\",t)),e.contentWindow.postMessage({message:\"ready\",secret:t},\"*\")},!1)))}(window,document);\n\/\/# sourceURL=https:\/\/www.canons.es\/wp-includes\/js\/wp-embed.min.js\n<\/script>\n","thumbnail_url":"https:\/\/www.canons.es\/wp-content\/uploads\/2021\/10\/espirulina.jpeg","thumbnail_width":600,"thumbnail_height":427,"description":"La espirulina es una microalga verde-azul que est\u00e1 de moda por sus propiedades nutricionales y pos sus usos terap\u00e9uticos. La mayor\u00eda de empresas utilizan las microalgas como estrategia de marketing o como agente colorante. Sin embargo, la espirulina (y los compuestos derivados de ella) muestran potencial para ser utilizados como ingredientes en el desarrollo de nuevos alimentosfuncionales. Se han formulado varios productos alimentarios con espirulina y cada a\u00f1o aumenta la cantidad de nuevos alimentos que se lanzan al mercado incorporando este valioso recurso."}

Clínica Cànons | Cirurgia i Medicina Estetica a Barcelona, ​​Granollers

LA ESPIRULINA COM ALIMENT I LES SEVES PROPIETATS - Clínica Cànons | Cirurgia i Medicina Estetica a Barcelona, ​​Granollers

<blockquote class="wp-embedded-content" data-secret="D6G1jT1WUU"><a href="https://www.canons.es/ca/la-espirulina-como-alimento-funcional-y-sus-propiedades/">LA ESPIRULINA COM ALIMENT I LES SEVES PROPIETATS</a></blockquote><iframe sandbox="allow-scripts" security="restricted" src="https://www.canons.es/ca/la-espirulina-como-alimento-funcional-y-sus-propiedades/embed/#?secret=D6G1jT1WUU" width="600" height="338" title="&#8220;LA ESPIRULINA COM ALIMENT I LES SEVES PROPIETATS&#8221; &#8212; Clínica Cànons | Cirurgia i Medicina Estetica a Barcelona, ​​Granollers" data-secret="D6G1jT1WUU" frameborder="0" marginwidth="0" marginheight="0" scrolling="no" class="wp-embedded-content"></iframe><script>
/*! This file is auto-generated */
!function(d,l){"use strict";l.querySelector&&d.addEventListener&&"undefined"!=typeof URL&&(d.wp=d.wp||{},d.wp.receiveEmbedMessage||(d.wp.receiveEmbedMessage=function(e){var t=e.data;if((t||t.secret||t.message||t.value)&&!/[^a-zA-Z0-9]/.test(t.secret)){for(var s,r,n,a=l.querySelectorAll('iframe[data-secret="'+t.secret+'"]'),o=l.querySelectorAll('blockquote[data-secret="'+t.secret+'"]'),c=new RegExp("^https?:$","i"),i=0;i<o.length;i++)o[i].style.display="none";for(i=0;i<a.length;i++)s=a[i],e.source===s.contentWindow&&(s.removeAttribute("style"),"height"===t.message?(1e3<(r=parseInt(t.value,10))?r=1e3:~~r<200&&(r=200),s.height=r):"link"===t.message&&(r=new URL(s.getAttribute("src")),n=new URL(t.value),c.test(n.protocol))&&n.host===r.host&&l.activeElement===s&&(d.top.location.href=t.value))}},d.addEventListener("message",d.wp.receiveEmbedMessage,!1),l.addEventListener("DOMContentLoaded",function(){for(var e,t,s=l.querySelectorAll("iframe.wp-embedded-content"),r=0;r<s.length;r++)(t=(e=s[r]).getAttribute("data-secret"))||(t=Math.random().toString(36).substring(2,12),e.src+="#?secret="+t,e.setAttribute("data-secret",t)),e.contentWindow.postMessage({message:"ready",secret:t},"*")},!1)))}(window,document);
//# sourceURL=https://www.canons.es/wp-includes/js/wp-embed.min.js
</script>

La espirulina es una microalga verde-azul que está de moda por sus propiedades nutricionales y pos sus usos terapéuticos. La mayoría de empresas utilizan las microalgas como estrategia de marketing o como agente colorante. Sin embargo, la espirulina (y los compuestos derivados de ella) muestran potencial para ser utilizados como ingredientes en el desarrollo de nuevos alimentosfuncionales. Se han formulado varios productos alimentarios con espirulina y cada año aumenta la cantidad de nuevos alimentos que se lanzan al mercado incorporando este valioso recurso.
